
What are the prime factors of 165841?
13, 12757
List the prime factors of 2689709.
11, 22229
What are the prime factors of 64526?
2, 7, 11, 419
List the prime factors of 997196.
2, 19, 13121
What are the prime factors of 8858609?
101, 139, 631
List the prime factors of 185365.
5, 131, 283
What are the prime factors of 94918?
2, 47459
List the prime factors of 1663264.
2, 51977
What are the prime factors of 1511347?
83, 131, 139
List the prime factors of 4447729.
11, 13, 19, 1637
What are the prime factors of 689169?
3, 13, 41, 431
List the prime factors of 1148561.
1148561
List the prime factors of 1077736.
2, 11, 37, 331
What are the prime factors of 391987?
391987
What are the prime factors of 1473958?
2, 233, 3163
List the prime factors of 4049223.
3, 19, 71039
List the prime factors of 394024.
2, 49253
What are the prime factors of 6012830?
2, 5, 601283
What are the prime factors of 1431048?
2, 3, 59627
What are the prime factors of 229655?
5, 23, 1997
List the prime factors of 642501.
3, 71389
List the prime factors of 111999.
3, 37, 1009
What are the prime factors of 5099801?
7, 241, 3023
What are the prime factors of 356390?
2, 5, 157, 227
List the prime factors of 178261.
178261
What are the prime factors of 30817869?
3, 419, 24517
What are the prime factors of 39447014?
2, 3853, 5119
What are the prime factors of 813?
3, 271
What are the prime factors of 409604?
2, 13, 7877
List the prime factors of 248139.
3, 79, 349
List the prime factors of 12536.
2, 1567
What are the prime factors of 323165?
5, 64633
What are the prime factors of 12790817?
13, 17, 31, 1867
What are the prime factors of 194587?
31, 6277
What are the prime factors of 728064?
2, 3, 79
What are the prime factors of 2853330?
2, 3, 5, 95111
List the prime factors of 14414222.
2, 1163, 6197
List the prime factors of 19435110.
2, 3, 5, 647837
What are the prime factors of 118911?
3, 13, 3049
What are the prime factors of 195904?
2, 3061
What are the prime factors of 542720?
2, 5, 53
What are the prime factors of 323468?
2, 193, 419
What are the prime factors of 264111?
3, 88037
List the prime factors of 181507.
19, 41, 233
What are the prime factors of 306179?
223, 1373
What are the prime factors of 3393110?
2, 5, 7, 48473
List the prime factors of 289530.
2, 3, 5, 3217
What are the prime factors of 391476?
2, 3, 17, 19, 101
List the prime factors of 141588.
2, 3, 19, 23
List the prime factors of 929258.
2, 11, 42239
What are the prime factors of 1409387?
7, 587
What are the prime factors of 138692?
2, 34673
What are the prime factors of 696920?
2, 5, 7, 19, 131
What are the prime factors of 19795012?
2, 443, 11171
What are the prime factors of 2955863?
43, 53, 1297
List the prime factors of 15613118.
2, 47, 163, 1019
What are the prime factors of 185753?
185753
What are the prime factors of 717235?
5, 67, 2141
What are the prime factors of 159983?
157, 1019
What are the prime factors of 145207?
145207
List the prime factors of 962892.
2, 3, 7, 3821
List the prime factors of 184549.
179, 1031
What are the prime factors of 444018?
2, 3, 43, 1721
List the prime factors of 3286506.
2, 3, 19, 127, 227
What are the prime factors of 105240?
2, 3, 5, 877
What are the prime factors of 4839415?
5, 7, 37, 101
What are the prime factors of 3357696?
2, 3, 1093
What are the prime factors of 2684178?
2, 3, 7, 263
What are the prime factors of 2209106?
2, 191, 5783
What are the prime factors of 146176?
2, 571
List the prime factors of 20852483.
887, 23509
List the prime factors of 11641554.
2, 3, 31, 673
List the prime factors of 123681.
3, 41227
What are the prime factors of 1011410?
2, 5, 101141
List the prime factors of 10727423.
7, 73, 2999
What are the prime factors of 2109639?
3, 7, 100459
List the prime factors of 6171.
3, 11, 17
What are the prime factors of 1931570?
2, 5, 233, 829
What are the prime factors of 1948523?
17, 61, 1879
What are the prime factors of 583942?
2, 291971
List the prime factors of 5527716.
2, 3, 460643
What are the prime factors of 2018892?
2, 3, 83, 2027
List the prime factors of 6301255.
5, 19, 3491
List the prime factors of 3542255.
5, 53, 13367
What are the prime factors of 1130142?
2, 3, 13, 14489
What are the prime factors of 22224503?
7, 67, 47387
What are the prime factors of 70864?
2, 43, 103
What are the prime factors of 3381143?
3381143
List the prime factors of 4656706.
2, 101, 23053
What are the prime factors of 1299732?
2, 3, 7, 15473
What are the prime factors of 807109?
17, 197, 241
What are the prime factors of 5503161?
3, 227, 8081
What are the prime factors of 3406126?
2, 1703063
What are the prime factors of 906580?
2, 5, 45329
List the prime factors of 13382480.
2, 5, 409
List the prime factors of 11516816.
2, 719801
List the prime factors of 1746314.
2, 873157
List the prime factors of 10890853.
10890853
List the prime factors of 156004.
2, 43, 907
What are the prime factors of 1903733?
13, 23, 6367
What are the prime factors of 30802596?
2, 3, 11, 233353
List the prime factors of 947531.
13, 23, 3169
List the prime factors of 38233671.
3, 7, 199, 1307
List the prime factors of 4293734.
2, 19, 313
List the prime factors of 1276832.
2, 39901
What are the prime factors of 1834602?
2, 3, 7, 11, 19
What are the prime factors of 176284?
2, 44071
What are the prime factors of 7551128?
2, 13, 17, 4271
List the prime factors of 63670.
2, 5, 6367
What are the prime factors of 652596?
2, 3, 7, 17, 457
What are the prime factors of 27259?
27259
List the prime factors of 314138.
2, 11, 109, 131
What are the prime factors of 750528?
2, 3, 1303
What are the prime factors of 284456?
2, 31, 37
List the prime factors of 227685.
3, 5, 43, 353
List the prime factors of 1119511.
709, 1579
List the prime factors of 925914.
2, 3, 11, 14029
List the prime factors of 4224087.
3, 7, 67049
List the prime factors of 466229.
131, 3559
List the prime factors of 606192.
2, 3, 73, 173
What are the prime factors of 7383395?
5, 271, 5449
What are the prime factors of 1003808?
2, 13, 19, 127
What are the prime factors of 208976?
2, 37, 353
List the prime factors of 143302.
2, 137, 523
What are the prime factors of 689505?
3, 5, 43, 1069
What are the prime factors of 94086?
2, 3, 5227
List the prime factors of 19602169.
2029, 9661
What are the prime factors of 3632958?
2, 3, 7, 1373
What are the prime factors of 819009?
3, 17, 53, 101
List the prime factors of 3266671.
3266671
What are the prime factors of 5006539?
53, 94463
What are the prime factors of 1071233?
1071233
What are the prime factors of 19861432?
2, 53, 139, 337
What are the prime factors of 731005?
5, 11, 13291
What are the prime factors of 1286637?
3, 11, 127, 307
List the prime factors of 10026433.
19, 523, 1009
List the prime factors of 480057.
3, 160019
List the prime factors of 149123.
13, 11471
What are the prime factors of 259332?
2, 3, 21611
What are the prime factors of 2651049?
3, 23, 1423
What are the prime factors of 255113?
19, 29, 463
List the prime factors of 268993.
268993
What are the prime factors of 774116?
2, 7, 27647
What are the prime factors of 498620?
2, 5, 107, 233
What are the prime factors of 440571?
3, 146857
List the prime factors of 2976312.
2, 3, 19, 61, 107
List the prime factors of 382133.
29, 13177
What are the prime factors of 431809?
7, 61687
What are the prime factors of 18263885?
5, 3652777
List the prime factors of 1455650.
2, 5, 7, 4159
List the prime factors of 2469272.
2, 13, 23743
What are the prime factors of 1087452?
2, 3, 10069
What are the prime factors of 14714344?
2, 1839293
List the prime factors of 278748.
2, 3, 29, 89
What are the prime factors of 6166881?
3, 7, 67, 487
List the prime factors of 16066410.
2, 3, 5, 535547
List the prime factors of 25435163.
13, 919, 2129
List the prime factors of 2198298.
2, 3, 366383
What are the prime factors of 3048078?
2, 3, 11, 46183
List the prime factors of 1386195.
3, 5, 92413
List the prime factors of 100792.
2, 43, 293
List the prime factors of 285509.
7, 40787
What are the prime factors of 19291?
101, 191
List the prime factors of 80492.
2, 20123
List the prime factors of 438255.
3, 5, 9739
List the prime factors of 1158014.
2, 11, 13, 4049
List the prime factors of 1589743.
139, 11437
What are the pri